y**3 - 40*y**2 - 95*y - 10. Calculate j(12).
2
Let h(j) = 2192*j + 13186. Determine h(-6).
34
Let i(h) = h**3 + 29*h**2 + 2*h + 978. Calculate i(-30).
18
Let h(w) = w**2 - 140*w + 1783. Give h(126).
19
Let j(x) = -18*x**3 + 145*x**2 + 17*x - 199. Give j(8).
1
Let j(w) = -w**3 - 13*w**2 + 36*w - 191. Calculate j(-16).
1
Let w(b) = -84*b**2 + 4366*b + 109. Give w(52).
5
Let r(g) = -g**3 + 6*g**2 + 19*g + 56. What is r(11)?
-340
Let q(b) = b - 58. Give q(71).
13
Let u(x) = x**3 - 35*x**2 + 29*x + 80. Determine u(34).
-90
Let n(d) = 56*d - 12320. Determine n(220).
0
Let j(y) = -y**3 - 130*y**2 - 977*y - 123. Calculate j(-122).
-1
Let l(u) = -u**3 - 62*u**2 + 402*u + 26. Calculate l(6).
-10
Let r(o) = 641*o + 82697. Determine r(-129).
8
Let r(y) = y**2 + 1696*y + 118484. What is r(-73)?
5
Let f(l) = 7*l**2 - 19*l + 74. Calculate f(6).
212
Let p(z) = z**3 - 13*z**2 - 19*z + 7. Calculate p(14).
-63
Let i(h) = 2*h**2 + 22*h - 151. Give i(9).
209
Let f(t) = -t**3 + 3*t**2 + 16*t - 10. Determine f(-4).
38
Let h(t) = -13*t**3 - 2*t**2 + 11*t + 45. Calculate h(-3).
345
Let f(y) = 708*y - 4950. Calculate f(7).
6
Let i(p) = p**2 - 79*p - 287. Determine i(83).
45
Let i(m) = 155*m + 2326. Determine i(-15).
1
Let f(b) = -b**3 + 34*b**2 + 410*b - 3117. Determine f(42).
-9
Let k(q) = 18*q**2 + 143*q + 2. Calculate k(-8).
10
Let f(t) = -t**2 - 1171*t - 10431. Calculate f(-9).
27
Let s(k) = -3*k + 1. What is s(-17)?
52
Let u(k) = -3*k**3 - 13*k**2 - 5*k - 1. Calculate u(-5).
74
Let f(n) = -24*n**2 + 488*n - 150. Calculate f(20).
10
Let s(w) = 16*w**2 + 78*w - 15. Give s(-5).
-5
Let b(m) = m + 28. Calculate b(-28).
0
Let r(s) = 272*s + 38627. What is r(-142)?
3
Let i(o) = o**3 - 4*o**2 + 835*o - 1651. What is i(2)?
11
Let d(h) = -9*h - 235. What is d(-28)?
17
Let t(n) = -n**2 + 13*n - 27. Give t(5).
13
Let y(x) = -3*x**2 - 272*x - 445. Determine y(-89).
0
Let g(o) = 4*o**2 - 141*o - 113. Give g(36).
-5
Let z(j) = j**3 + 17*j**2 + 50*j + 30. Give z(-7).
170
Let x(f) = f**3 - 10*f**2 - 22*f - 20. What is x(11)?
-141
Let m(c) = 8403*c + 142847. Determine m(-17).
-4
Let m(s) = 606*s - 2936. What is m(5)?
94
Let d(a) = -2*a**2 - 174*a + 5616. Calculate d(-112).
16
Let l(z) = 3553*z - 284242. Give l(80).
-2
Let y(d) = -d**2 + 31*d - 179. Calculate y(5).
-49
Let n(l) = l**3 + 10*l**2 + 435*l + 3802. What is n(-9)?
-32
Let n(d) = -2*d**3 - 122*d**2 + 133*d + 565. Give n(-62).
7
Let y(n) = 82*n + 4672. What is y(-57)?
-2
Let q(c) = 14*c + 101. What is q(-10)?
-39
Let p(z) = -674*z**2 - 45*z - 45. What is p(-1)?
-674
Let z(j) = -23*j + 1453. What is z(62)?
27
Let y(q) = -q**3 - 25*q**2 - 46*q + 57. Calculate y(-23).
57
Let j(i) = i**3 + 37*i**2 + 353*i + 284. Determine j(-16).
12
Let r(c) = -372*c - 4461. What is r(-12)?
3
Let o(i) = 229*i**2 + 21*i + 20. Determine o(-1).
228
Let k(x) = 2*x**2 + 112*x + 626. What is k(-50)?
26
Let l(b) = 94*b - 659. What is l(7)?
-1
Let o(i) = i**2 + 13*i - 11. Calculate o(-16).
37
Let a(y) = 22*y + 445. Calculate a(-20).
5
Let o(l) = l**3 - 7*l**2 - 22*l + 69. Give o(7).
-85
Let b(d) = -d**3 - d**2 + 35*d + 3. Give b(6).
-39
Let p(u) = u**2 - 268*u - 7641. Calculate p(-26).
3
Let u(b) = -79*b - 143. Give u(7).
-696
Let c(x) = -120*x**2 - 13*x + 12. What is c(1)?
-121
Let t(x) = x**3 - 5*x**2 - 70*x + 8. What is t(11)?
-36
Let c(v) = -50*v**2 + 17152*v - 679. What is c(343)?
7
Let s(p) = 2*p**3 - 23*p**2 + 19*p + 33. Determine s(10).
-77
Let s(c) = -39*c + 51. Give s(7).
-222
Let p(u) = -15*u**2 - 65*u + 116. Determine p(-8).
-324
Let q(s) = -5*s**3 + 26*s**2 - 13*s - 46. Calculate q(2).
-8
Let p(s) = -s**3 + 25*s**2 - 136*s - 12. What is p(8)?
-12
Let b(j) = 1195*j + 132642. What is b(-111)?
-3
Let x(o) = -47*o - 70. Give x(8).
-446
Let r(y) = -2*y**2 - 34*y + 43. Calculate r(-16).
75
Let a(f) = -f**3 - 12*f**2 + 74*f + 43. Determine a(-16).
-117
Let p(g) = -702*g - 31587. Calculate p(-45).
3
Let g(d) = -93*d - 14394. Determine g(-155).
21
Let k(x) = -4*x**2 + 86*x - 12. Calculate k(29).
-882
Let d(x) = 7*x + 11. Calculate d(-29).
-192
Let h(s) = s**3 + 55*s**2 - 576*s - 9. Calculate h(-64).
-9
Let k(l) = -3745*l + 7458. Give k(2).
-32
Let q(r) = -797*r - 8761. Give q(-11).
6
Let r(g) = 1388*g - 20820. What is r(15)?
0
Let w(l) = -65*l - 906. Give w(-15).
69
Let k(i) = -3*i**2 + 42*i - 1. Calculate k(14).
-1
Let y(z) = -722*z + 12988. Give y(18).
-8
Let w(q) = 3994*q - 27939. Determine w(7).
19
Let k(t) = -t**2 + 90*t - 374. Give k(86).
-30
Let u(x) = -151*x - 13015. Calculate u(-86).
-29
Let s(r) = -19*r**2 + 381*r + 374. What is s(21)?
-4
Let c(k) = 2*k**3 + 176*k**2 + 849*k + 1573. Give c(-83).
-4
Let s(w) = -81*w + 1383. What is s(17)?
6
Let w(o) = -o**2 + 294*o + 904. Determine w(-3).
13
Let r(u) = -184*u - 725. Determine r(-4).
11
Let x(z) = 17*z - 339. What is x(18)?
-33
Let t(n) = n**2 + 5*n + 104. Give t(-13).
208
Let z(o) = 217*o - 2311. Give z(14).
727
Let c(i) = 2*i**2 + 24*i - 90. Give c(-16).
38
Let z(a) = -2*a**2 - 15907*a + 47741. Determine z(3).
2
Let b(l) = 10*l**2 - 304*l - 181. What is b(31)?
5
Let c(v) = v**3 - 34*v**2 + 30*v + 80. What is c(33)?
-19
Let l(p) = 93*p + 555. Determine l(-6).
-3
Let n(p) = 118*p - 67. Give n(3).
287
Let t(q) = -20*q + 50. Give t(8).
-110
Let v(l) = l**2 + 7*l - 14. What is v(13)?
246
Let a(v) = -882*v - 835. Give a(-1).
47
Let b(o) = o**3 - 10*o**2 - 23*o + 214. Calculate b(10).
-16
Let b(l) = 2*l**3 + 24*l**2 - 14*l - 58. Give b(-10).
482
Let w(s) = s**3 + 21*s**2 - 18*s + 37. Give w(-22).
-51
Let w(v) = 2*v**3 - 40*v**2 - 5*v + 1. Calculate w(20).
-99
Let j(y) = -499*y + 38919. What is j(78)?
-3
Let k(f) = -f**2 + 276*f - 2416. Determine k(9).
-13
Let o(c) = -2*c**3 - 10*c**2 - 13*c - 129. What is o(-6)?
21
Let r(y) = y**3 + 29*y**2 + 81*y - 3. What is r(-26)?
-81
Let o(g) = g**3 - 50*g**2 - 108*g + 160. What is o(52)?
-48
Let w(d) = 11*d**3 - 4*d**2 + 63*d - 104. Calculate w(2).
94
Let n(i) = 177*i**3 + 2*i**2 - 3*i - 5. Give n(-1).
-177
Let f(m) = -8*m**2 - 5*m + 187. Give f(10).
-663
Let m(u) = -22*u + 80. Give m(0).
80
Let j(v) = 8*v**2 + 6*v + 8. What is j(-2)?
28
Let o(t) = 4*t**2 - 119*t - 17. Calculate o(30).
13
Let k(s) = -16*s + 10. Give k(-4).
74
Let l(b) = b**3 + 3*b**2 - 27*b - 6. What is l(4)?
-2
Let p(d) = 15*d**2 - 78*d + 382. What is p(5)?
367
Let k(x) = -3*x**3 - 3*x**2 + 9*x - 13. Give k(-5).
242
Let a(j) = -j**3 + 34*j**2 - 94*j + 16. Determine a(31).
-15
Let c(y) = -1302*y - 23455. Determine c(-18).
-19
Let r(v) = 16*v**2 + 317*v - 28. Give r(-20).
32
Let f(d) = -d**3 + 35*d**2 - 118*d - 190. Determine f(31).
-4
Let b(n) = n**3 - 10*n**2 - 32*n - 7. Determine b(-2).
9
Let z(p) = 959*p - 78640. Determine z(82).
-2
Let j(n) = 7*n**2 - 18*n - 19. Calculate j(-1).
6
Let n(w) = -47*w**3 + w**2 + w - 2. Determine n(2).
-372
Let t(h) = 13*h**2 - 238*h - 17. Determine t(20).
423
Let a(w) = 1393*w - 11147. Determine a(8).
-3
Let w(d) = -d**3 - 6*d**2 - 3*d + 51. What is w(4)?
-121
Let j(u) = 21*u - 444. What is j(24)?
60
Let d(p) = -p**3 + 14*p**2 - 5*p - 70. Give d(10).
280
Let i(x) = 2*x**2 + 34*x - 12. What is i(-29)?
684
Let y(o) = 16*o - 145. What is y(11)?
31
Let h(r) = r**2 + 46*r + 135. Give h(-3).
6
Let i(h) = h**2 + 33*h + 208. What is i(-27)?
46
Let q(d) = 82*d. Give q(-3).
-246
Let k(p) = -2780*p - 200154. What is k(-72)?
6
Let v(u) = 41*u - 834. Calculate v(10).
-424
Let u(t) = 5*t**2 - 48*t - 184. Determine u(-3).
5
Let o(p) = 4*p**2 + 10*p - 20. Give o(2).
16
Let y(p) = -2*p**2 - 372*p - 1825. Calculate y(-5).
-15
Let c(y) = 135*y + 804. Determine c(-6).
-6
Let u(s) = -19*s**2 - 438*s - 34. What is u(-23)?
-11
Let z(o) = 4*o**3 - 49*o**2 - 2*o + 95. What is z(12)?
-73
Let a(j) = 2*j**3 + 9*j**2 - 19*j - 13. Determine a(2).
1
Let k(h) = -37*h - 342. Determine k(-11).
65
Let m(w) = -13*w**3 + 912*w**2 - 134*w - 418. What is m(70)?
2
Let a(z) = -10*z**3 - z**2 + 2*z - 1. Calculate a(2).
-81
Let h(k) = -3*k**2 - 7*k + 144. What is h(-9)?
-36
Let d(v) = 32*v**2 + 148*v - 11. What is d(-5)?
49
Let b(i) = 2*i**3 + 5*i**2 - 6*i - 4. Determine b(-2).
12
Let j(t) = t**3 + 11*t**2 + 14*t - 6. What is j(-9)?
30
Let r(j) = 1129*j + 6768. Determine r(-6).
-6
Let u(o) = -o**2 - 252*o - 3582. Determine u(-15).
-27
Let r(l) = l**3 + l**2 + 188*l - 2. Determine r(0).
-2
Let